51, 0 = -3*o + 3*r + 27. What are the prime factors of (3 - 1)*18/o?
3
Let z(i) = 186*i + 80. List the prime factors of z(5).
2, 5, 101
Let y be 2*(-7)/(42/(-9)). Let b be y*5*3/15. Suppose 60 = v - b*t, 3*v + 3*t - 222 = -2*t. List the prime factors of v.
3, 23
Suppose 315 = 2*s - 317. Suppose 23*q - s = 19*q. List the prime factors of q.
79
Suppose -141 = d + 2*d. Let r = 32 + d. List the prime factors of 32/(-3)*r/10.
2
Let u = 1193 - -188. List the prime factors of u.
1381
Let p(t) = t + 32. Let i be p(-18). Suppose i*x - 601 - 3809 = 0. What are the prime factors of x?
3, 5, 7
Let f(c) be the first derivative of c**2/2 + 10. Let s(n) = 36*n - 3. Let p(h) = -f(h) - s(h). List the prime factors of p(-2).
7, 11
Suppose 2*s = -3*m - 3381 + 11850, 11272 = 4*m - 4*s. What are the prime factors of m?
7, 13, 31
Let g(z) = -9*z - 15. Let f be g(11). Let s = -49 - f. What are the prime factors of s?
5, 13
List the prime factors of (-132)/3*(-2 - (-78)/(-8)).
11, 47
Suppose 27 = -3*y + 4*y. Suppose 2*a = 4*a + 2. Let f = y + a. What are the prime factors of f?
2, 13
Let k(c) = c**3 - 15*c**2 - 15*c - 12. Let v be k(16). Let q be (-2 - 0)/(4/(-426)). Suppose -v*s - 41 + q = 0. List the prime factors of s.
43
Suppose 10*m - 35 = 5*m. Suppose 0 = -m*c + 4*c + 36. List the prime factors of c.
2, 3
Let g(h) = -76*h + 75. What are the prime factors of g(-8)?
683
Let d(f) = f**3 - f**2 + 3. Let c be d(0). List the prime factors of 2574/65 + c/(-5).
3, 13
Let b(q) = -8*q**3 - 8*q - 4. Suppose -3*p = -l + 2*l + 7, 5*l - 7 = -p. List the prime factors of b(p).
2, 59
Let w be (-6)/(-4) + (-35)/14. Let b(x) = -13*x**2 + x + 2. Let j be b(w). List the prime factors of (j/(-4))/(1/2).
2, 3
Suppose -u = 3*t - 825 - 2677, t = -5*u + 1144. List the prime factors of t.
7, 167
Suppose 2*a - 11872 = u, 0*u - 11864 = -2*a - 3*u. What are the prime factors of a?
5, 1187
List the prime factors of 1821*(3/(-18) - (-4)/8).
607
Suppose 4*l + 6 = -2. Let j be 1*l*34/(-4). Suppose -5*c = -2*w - j - 18, 0 = -3*c + 5*w + 21. List the prime factors of c.
7
Let l = 1 - 2. Let s(q) = -1 - 13*q + 8*q**3 + 12*q - 27*q**3. List the prime factors of s(l).
19
Let m = -576 - -911. List the prime factors of m.
5, 67
Suppose v = 6*v + 2*c - 1826, -4*v + 4*c = -1444. What are the prime factors of v?
2, 7, 13
Let p(i) = -i**3 + 5*i**2 - 2*i - 3. Let f be p(6). Let g(x) = -24*x - 3. Let s be g(3). Let y = f - s. What are the prime factors of y?
2, 3
Let y(n) = 37*n - 5. Let r(k) = 36*k - 5. Let d(c) = 4*r(c) - 5*y(c). Let z be d(-3). List the prime factors of (z/(-20))/(6/(-45)).
2, 3
Suppose 0 = -3*q - 2*a - 0*a + 326, -5*q + 5*a + 585 = 0. Let w = q - 19. List the prime factors of w.
3, 31
Suppose -v + 3*q = -57 + 16, 4*q - 4 = 0. List the prime factors of v.
2, 11
Suppose -3108 = -12*p + 9156. What are the prime factors of p?
2, 7, 73
What are the prime factors of 36414/105 - (-2 - 28/(-10))?
2, 173
Suppose 0 = -7*d - 670 + 1146. What are the prime factors of d?
2, 17
Let f(v) = -v - 7. Let z be (8/(-20))/(1/(-20)). Let r be f(z). Let l = r - -42. What are the prime factors of l?
3
Suppose -9680 = 8*u - 19*u. List the prime factors of u.
2, 5, 11
Suppose -13*u = -3*u + 620. List the prime factors of (198/(-24))/(-2 - u/32).
2, 3, 11
Let j be 131/6 + (-2)/(-12). Suppose 4*y - h = 25, -h = 4*y + 3*h. Suppose w - 2*b - j = 0, -32 = y*w - 2*b - 150. List the prime factors of w.
2, 3
Let h(i) = -i**3 - i**2 - 4*i + 4. Let z(t) = -5*t - 5. Let v be z(-2). Suppose 5*x = y + 14, -4*y = v*x + 5 + 1. What are the prime factors of h(y)?
2, 17
Suppose -2*z - 422 = -4*u, 0*z = 3*z - 2*u + 621. Let h = 302 + z. List the prime factors of h.
97
Let u(l) = -l + 12. Let z = 15 - 10. Let r be u(z). Suppose -r = 3*a - 37. List the prime factors of a.
2, 5
Let o = -5 - -9. Let n be 115/25 + o/10. Suppose -2*j + 5*h = -j - 63, 267 = n*j - h. What are the prime factors of j?
53
Let i(h) = 2*h**3 - 4*h**2 + 4*h - 4. Let m be i(2). Suppose 0 = -m*d + 29 - 5. List the prime factors of d.
2, 3
Suppose -6 = -5*f + 9. Suppose -2*a = -a - 63. Suppose 6*i = f*i + a. List the prime factors of i.
3, 7
Let h(x) = 2*x + 39. Let i be h(-18). Suppose 5*w - 744 = -i*w. What are the prime factors of w?
3, 31
Suppose -m + 13 = -5. Let u = m - 13. Let l = u - -14. List the prime factors of l.
19
What are the prime factors of ((-112)/10)/((-20)/450)?
2, 3, 7
Let n(y) be the third derivative of -y**6/120 - 7*y**5/60 - y**4/4 + 7*y**3/6 + 17*y**2. List the prime factors of n(-7).
7
Suppose -30 = 2*x + 10. Let u be x/15*6/(-4). Let c(m) = 2*m**2 + 2*m + 1. What are the prime factors of c(u)?
13
Let w = 307 + -242. What are the prime factors of w?
5, 13
Suppose 4*o + r = 637, r - 9 = 4*r. Let h = o + -66. What are the prime factors of h?
2, 47
Let w(o) = -4633*o + 120. What are the prime factors of w(-1)?
7, 97
Let x(q) = -2*q**2 + 9*q - 5. Let v be x(3). Suppose 116 = v*y + g, -g - 2*g - 42 = -y. List the prime factors of y.
2, 3, 5
Let g(v) = -2*v + 12. Let m be g(7). Let l(n) = 5*n**2 + 2*n + 3. List the prime factors of l(m).
19
Suppose -5*f + 3755 = -0*f - 5*p, 3*f = p + 2259. What are the prime factors of f?
2, 13, 29
Let r(l) = -3*l**2 + l**2 - 6*l + 16*l**2 + 12*l**2 - 4. Let v(m) = -5*m**2 + m + 1. Let h(p) = -2*r(p) - 11*v(p). What are the prime factors of h(3)?
3
Let y be 2 + 355/(-2) + (-42)/28. What are the prime factors of y/2*(0 - 8/6)?
2, 59
Let c = 23 - 38. Let x = -9 - c. Suppose -x*d + 2*d - 4*p = 8, -4*d - 5*p = 13. What are the prime factors of d?
3
Suppose 1 = -2*d + 3*m, 2 - 6 = -5*d + m. Let z(b) = 75*b**2 - b - 1. What are the prime factors of z(d)?
73
What are the prime factors of 2307 + 1 + 168/14 + -18?
2, 1151
Let h be 24/36*(-9)/(-2). Suppose 7*u = h*u - 24. Let i = 30 - u. List the prime factors of i.
2, 3
Let d = -2262 - -4154. Suppose -2*v = -13*v + d. List the prime factors of v.
2, 43
Suppose -8*y = -10*y + 6. Suppose 0 = -4*u + y*d + 2*d + 379, 288 = 3*u - 5*d. What are the prime factors of u?
7, 13
Let p(o) = -72*o + 525. What are the prime factors of p(-24)?
3, 751
Let o(b) be the second derivative of b**5/20 - b**3/6 + b. Let v(h) be the second derivative of o(h). What are the prime factors of v(2)?
2, 3
Let j(b) = 4*b - 1 - 13*b - b**3 + 8*b - 6*b**2. Let s be j(-6). Suppose s*g = 2*i + 115, 0*i + i = 3*g - 69. What are the prime factors of g?
23
Let g(p) = -97*p**3 + 3*p**2 + 6*p + 4. What are the prime factors of g(-1)?
2, 7
Let p = 11 - 27. Let h = p + 121. List the prime factors of h.
3, 5, 7
Suppose -5*i + 2*s = -2*i - 6623, i + 3*s = 2215. Suppose 7*h - i + 942 = 0. List the prime factors of h.
181
Let q = -82 + 175. Let r = q + -45. What are the prime factors of r?
2, 3
Let r = -63 + 65. Suppose -2*w + 237 = -r*v - 63, -734 = -5*w + v. What are the prime factors of w?
2, 73
Let j(g) = 25*g**3 + g. Let q be j(-1). Let x = -9 - q. Suppose x*t - 13*t - 108 = 0. What are the prime factors of t?
3
Suppose 0*g = -g + 5. Let n be (-4)/(-12) - 389/(-3). Suppose 0*f - 3*f - 5*y + 100 = 0, -g*f - y + n = 0. List the prime factors of f.
5
Suppose -466 = -2*w - 84. Suppose -4*d + w + 181 = 0. Let p = d + -31. What are the prime factors of p?
2, 31
Suppose i + j + 3 = 8, -4*i - 3*j + 18 = 0. Suppose 4*q = -i*y + 146, -4*y + 5*q = -78 - 65. List the prime factors of y.
2, 3, 7
Suppose -4*v + m = -60, 0 = 5*v + m - 71 - 4. What are the prime factors of v?
3, 5
Let t = 14 + -9. Suppose -t*b = -15, -2*p - 2*b - 2 = -4*b. Suppose 2*w - 3*d = 57, 14 = w - p*d - 17. What are the prime factors of w?
3, 7
Suppose 7*r = -103 - 1080. Let m = 279 + r. List the prime factors of m.
2, 5, 11
Suppose 0 = 5*h + 8 - 3. What are the prime factors of (-609)/(-15) + h*(-4)/10?
41
Let f(p) = 15*p**2 + 10*p + 113. List the prime factors of f(-8).
3, 331
Let v = -24 - -38. Suppose 2*i - 25 = 11. Suppose -4*k + 76 = -4*r, -2*k = r - i - v. List the prime factors of k.
17
Let h = 21 + -14. Suppose -1 = -2*y + h. Suppose -y*d - 12 = -76. What are the prime factors of d?
2
Suppose -3*a + 4*u + 2378 = 0, a - 71*u + 67*u - 782 = 0. List the prime factors of a.
2, 3, 7, 19
Suppose 0 = -4*z, -2*k + 5*z = z - 314. Let n = k - 112. List the prime factors of n.
3, 5
Suppose 2*y - 2*d - 6966 = 2*d, -y + 5*d + 3492 = 0. What are the